3 - 2*t - t. What is n(5)?
-6
Let v(q) = -q**2 + q. Let x(n) = -4*n**2 + 11*n + 3. Let p(l) = -5*v(l) + x(l). Suppose o - b + 8 = 0, -3*o - 13 = 5*b - 5. Give p(o).
3
Let b be 6/(-5 + (-2)/(2/(-3))). Let j(m) = -m**2 - 4*m + 2. Determine j(b).
5
Let p(x) be the second derivative of -2*x**2 + x - 1/6*x**4 + 0 - 1/3*x**3 + 1/20*x**5. Give p(3).
-1
Suppose 3*z = 4*n - 39, -3*n - 2*z = -0*n - 8. Let u(w) = -6*w + 0*w + 2*w**2 - w**2 - 5. What is u(n)?
-5
Let w(k) = 5*k - 3. Let j be (-24)/(-10) + 10/(-25). Let t(f) = f + 2. Let m be t(0). Suppose -3*y - 13 = -5*l, -j*l + m*y + 5 = -1. Determine w(l).
7
Let y(w) be the third derivative of -w**6/120 + w**5/60 + w**4/24 + w**3 + 7*w**2. Calculate y(0).
6
Let i(r) = -3. Let h(m) = m + 3. Let x(g) = -3*h(g) - 2*i(g). Calculate x(3).
-12
Let w(o) = 4*o**3 + 8 + o - 5*o**2 - 2*o**3 - o**3 + 13*o**2. Let a be w(-8). Let b(h) = h**2 + 2. What is b(a)?
2
Let w(q) = 3*q - 2. Suppose 4*s - 2*s = 6. Let n be (-3)/(-9) - 8/(-3). Suppose 4*d = s*d + 5, 1 = n*y - d. What is w(y)?
4
Let i(x) = -x**3 + 3*x**2 + x + 4. Suppose 3*d - 22 = 2*q - 3, -14 = 4*q + 2*d. Let w be (-18)/12*24/(-9). Let u be (-22)/q + w/(-10). Calculate i(u).
-8
Let f(i) = -8*i + 1. Let c be 0 - 0 - -2 - 8. Let s = c - -5. What is f(s)?
9
Suppose -4*s - 1 = 5*o, 5*o + 1 = -2*s - 2. Let v be 0 + -1 + (5 - s). Let p(l) = -99*l**2 + 97*l**2 - 1 + 1 + 1 + 4*l. What is p(v)?
-5
Suppose 3*w + 3*k - 39 = 0, -5*w - 2*k + 0 + 74 = 0. Suppose -w = c + 3*c. Let g(r) = r**2 + 3*r + 1. What is g(c)?
5
Let t(q) = 11 + 7*q - 3*q - q - 14. Give t(2).
3
Suppose 7*b - 12 = 3*b. Suppose 2 + 4 = b*q. Let r(v) = -v**3 + 3*v**2 - v + 1. Calculate r(q).
3
Suppose f + 6 = -2*k + 4*f, 2*k = 4*f - 8. Suppose 5*u - 2*u + 12 = k. Let t(d) = d**3 + 5*d**2 + 7*d + 4. What is t(u)?
-8
Let d(k) = -174*k**2 + 177*k**2 + 3 - 3. Determine d(1).
3
Let d(p) = -74*p**2 - 1. Let l be d(1). Let h be (-2)/3*l/(-10). Let s(k) = -3*k + 2. Let i(w) = -7*w + 4. Let g(r) = -2*i(r) + 5*s(r). Determine g(h).
7
Let l be 3/(-12) + (-3)/(-12). Suppose 2*w - 13 - 17 = l. Suppose w = -2*z + 5*z. Let q(p) = p - 1. Calculate q(z).
4
Let n = 6 + -3. Suppose 0 = 3*d - n*u + 12 - 3, -3*d - 7 = -2*u. Let h(m) = 5*m. Determine h(d).
-5
Let b = 4 - 0. Let q(r) = -b*r - 1 + 3*r - 2. Calculate q(-3).
0
Let f(t) = 2 - 126*t + 244*t - 125*t. Calculate f(2).
-12
Let p be (-10)/(-8) + 1/(-4). Let o be (-11)/(-2) + (-2)/(-4). Let m(d) = 1 - p + o*d. Determine m(-1).
-6
Let b(a) = -a**2 - a - 1. Suppose 0 = -5*h + 4*g + 33, -5*h + 0*g = -2*g - 29. Suppose -t - 6 = 4*y - y, -3*t - 4 = -h*y. Determine b(y).
-1
Let x(f) = 17*f + f**2 - 5*f - 4*f - 3 - 7*f. What is x(4)?
17
Let q(h) = 3*h**2 + 0*h**2 - h + h**3 + 3*h**2 - h**2 + 4. Let m = -21 - -41. Suppose 2*w + m = -2*w. Give q(w).
9
Suppose -5*j + 26 + 4 = 0. Let g(b) = -b + 1. Let a be g(j). Let l(f) = -f**2 - 5*f - 5. Determine l(a).
-5
Let i(l) = l**3 - l**2 - l - 3. Let b(u) = -3*u - 7 + 2*u**3 + u**2 + 4*u**2 - 3*u**3 + u**2. Let f be b(5). Give i(f).
12
Let h(b) = -2*b**2 - b + 3. Let p be h(-2). Let f(i) = i**3 + 3*i**2 - i - 1. Give f(p).
2
Let c(u) be the third derivative of -u**4/24 + 2*u**3/3 - 38*u**2. Calculate c(2).
2
Let h be (15/3 - -3) + -2. Let j(u) be the second derivative of u**5/20 - 7*u**4/12 + u**3/2 + 4*u**2 + 4*u. Calculate j(h).
-10
Suppose -15*r + 30 = -10*r. Suppose -r*u = -5*u - 3. Let y(z) be the third derivative of z**6/120 - z**5/15 - z**3/2 + z**2. What is y(u)?
-12
Let l(o) = 0*o - 2 + 0 + 2*o. Let v(b) = -b**3 - 6*b**2 - 5*b - 3. Let x be v(-5). Let q = x + 5. What is l(q)?
2
Suppose 43*i = 47*i + 4. Let v(f) = -4*f**2 - f - 1. Give v(i).
-4
Let s(u) = 14*u + 13*u - 34*u - u**2 - 4. Determine s(-5).
6
Let t = -97 + 93. Let m(p) = p**2 + 7*p + 6. Give m(t).
-6
Let n(k) = 0*k**2 + 3*k**3 + 5*k - k - 4*k**2 + 4 - 4*k**3. Calculate n(-4).
-12
Let p(l) be the third derivative of 3*l**2 + 0 + 0*l**3 + 1/30*l**5 + 0*l + 0*l**4. Calculate p(-2).
8
Let w(t) = 5*t**3 + 9*t**2 + 6*t + 11. Let k(f) = 2*f**3 + 3*f**2 + 2*f + 4. Let u(c) = -8*k(c) + 3*w(c). Give u(4).
-7
Suppose 2*w + 18 = o + 3*o, 0 = 3*w - 15. Let f(c) = 12*c - o*c - 4 - 7*c. Calculate f(-4).
4
Suppose 5*m - 15 = 5*l, 2*m = 4*l + 4*m - 6. Let c = l - -2. Let u(w) = -w + 0*w**2 - w - 1 - 3*w**c - w**3. What is u(-2)?
-1
Let g be (-2)/10 - 12/(-10). Suppose 0 = 4*k, 0 = -n - 4*k - 5 - g. Let d(b) = b + 8. Calculate d(n).
2
Let q be (1 - 1)*3/(-6). Suppose -4*a = -o - 3*o + 28, 0 = -2*o - 5*a - 14. Let g(n) = o + q*n - 2*n - 2*n. Calculate g(2).
-5
Let t(x) = -2*x**2 + 2*x - 4*x + 15 - 17 - x**3. Give t(-3).
13
Let b(l) = -3*l + 2. Let j(x) = 8*x - 6. Let q(i) = -11*b(i) - 4*j(i). Calculate q(3).
5
Let s(k) = -k**2 + 7*k + 4. Let u(c) = c**3 - c**2 - c + 6. Let d be u(0). Calculate s(d).
10
Let i(k) = 6*k**2 + 21*k + 31. Let n(l) = -l**2 - 4*l - 6. Let d(b) = 2*i(b) + 11*n(b). Suppose 373*q = 378*q - 15. Calculate d(q).
-1
Let k(a) = -a**2 + 2*a + 3. Let z(i) = i**2 - i - 2. Let b(n) = -4*k(n) - 5*z(n). Give b(-2).
0
Let p(n) = n + n**3 + n**2 - 4 - 16*n**2 + 10*n**2. Give p(5).
1
Let f(o) = o - 13. Let s(d) = 1. Let w(a) = -f(a) - 5*s(a). Calculate w(8).
0
Let n(v) = -32*v**2 - 5*v + 3. Let j(d) = -11*d**2 - 2*d + 1. Let y(f) = -8*j(f) + 3*n(f). Calculate y(-1).
-8
Let z = -2 + 9. Let j(n) = 5*n + 3. Let c(l) = 2*l + 1. Let a(r) = z*c(r) - 3*j(r). Let x be 3 - ((-16)/(-2) - 0). What is a(x)?
3
Suppose 2*b = -2*b. Suppose b*p - 5 = p. Let s(w) = -w + 4. What is s(p)?
9
Let h(n) = -4*n - 1. Let b be ((-9)/(-3 + 0))/1. Suppose 0*o = -b*o + 6. Give h(o).
-9
Let i(q) be the second derivative of q**4/12 + 7*q**3/6 + 4*q**2 + 15*q. Give i(-6).
2
Let c = 2 + -4. Let f be 0*c/6 - -3. Suppose p + f*p = -5*l - 11, -3*l = -p - 7. Let r(n) = -10*n**2 + 2*n - 1. What is r(l)?
-9
Let u(k) be the third derivative of k**5/30 - k**3/3 - 7*k**2. Determine u(2).
6
Let u = 0 + -2. Let p = u + 5. Suppose 7 + 5 = -p*h. Let s(q) = -q**2 - 5*q - 1. What is s(h)?
3
Let a(y) be the second derivative of y**3/6 + 2*y**2 - 4*y. Let l be a(-3). Let q(x) = 2 - 1 - 2*x + 6*x. Give q(l).
5
Let l(s) = -s**2 - 3*s + 9. Let g(c) = 2*c**2 + 6*c - 17. Let h(r) = 6*g(r) + 11*l(r). Suppose -m = -5*m. Let w be m/1 + 1 - 4. Calculate h(w).
-3
Let n = 9 + -6. Let z(d) = -7*d + 3*d - 6*d**2 - 1 + 3*d**3 - 4*d**n. Let l be 1*-5*(-1 + 2). Give z(l).
-6
Suppose 4*u - 3*z + 81 = -6*z, -33 = 2*u + 3*z. Let k be 4/14 - u/14. Let n(t) be the first derivative of -t**4/4 + 2*t**3/3 + t**2/2 - 2*t - 1. Calculate n(k).
0
Suppose 10*x = -15*x - 75. Let m(z) be the first derivative of z**4/4 + 2*z**3/3 - 3*z**2/2 + 4*z - 1. What is m(x)?
4
Let a = 9 + -4. Let y(p) = -p**2 + 9 - 13*p + 3*p**2 + 3*p. Let s(z) = -z**2 + 5*z - 5. Let l(u) = a*s(u) + 2*y(u). Give l(5).
-7
Let i(j) = -j**2 + 15*j + 19. Let s be i(16). Let t(o) = o**2 - 5*o + 3. Give t(s).
-3
Let g(p) = -p**3 - 33*p**2 + 14*p**2 - 4 + 1 + 16*p**2. Calculate g(-4).
13
Let i(o) = -4*o**3 + 4*o**2 + 4*o + 1. Let w(d) = -1 - 5*d**2 - 2 + 0*d**3 - 5*d + 5*d**3 + 1. Let g(x) = -4*i(x) - 3*w(x). Give g(-2).
-8
Let z(p) be the second derivative of p**5/20 + 5*p**4/12 + p**3/6 - p**2/2 - p. Let m(c) = -c**2 + c - 4. Let o be m(0). What is z(o)?
11
Let y(n) = -n. Suppose -3*h + 311 = p + 76, 4*h + 5*p - 317 = 0. Suppose 0*r + h = 3*r. Suppose 4*f = -m - m - r, 4*m - f = -7. Determine y(m).
3
Let i(n) = -n**3 - 5*n**2 + 2*n + 6. Let q = -6 + 1. What is i(q)?
-4
Let i(z) be the first derivative of z**5/120 + z**4/24 - z**3/3 + 3. Let w(h) be the third derivative of i(h). Determine w(2).
3
Let v = -108 + 102. Let s(l) = -l - 10. Let c(a) = 2*a + 19. Let b(f) = -4*c(f) - 7*s(f). Determine b(v).
0
Let g(z) = -7*z**3 + 18*z**2 - 16*z - 17. Let u(i) = 3*i**3 - 9*i**2 + 8*i + 8. Let h(a) = 2*g(a) + 5*u(a). Give h(8).
6
Let i(f) = -26*f**3 - 2*f**2 + 8*f - 3. Let g(j) = 17*j**3 + j**2 - 5*j + 2. Suppose -4 = -0*k - k, 2*b - 8 = 2*k. Let s(m) = b*g(m) + 5*i(m). What is s(-1)?
-7
Let v(g) = g**3 + 7*g**2 + 4*g - 6. Suppose 22 = -5*i + 4*l, l = -5*i + 4*l - 24. What is v(i)?
6
Let d(b) = -b + 6. Suppose 4*m = 2*m - p + 8, -8 = -2*m - 2*p. Let x = m + 1. Suppose x*g - 4 = -4*r, 1 = 2*g + 2*r - 1. Give d(g).
6
Let h(f) = 76 - 38 + 7*f - 39. Give h(1).
6
Let p(b) be the second derivative o